= -45 + 44. Let d be (b - (3 + -3))/(2/(-30)). Calculate the greatest common divisor of 60 and d.
15
Suppose 11*z - 2306 = -7. Calculate the highest common divisor of 19 and z.
19
Let l(a) = 3*a + 50. Let h be l(-4). What is the highest common divisor of h and 760?
38
Let k be (-146)/4 + (-12)/(-24). Let a = k - -40. Let w(v) = -11*v - 1. Let z be w(-3). Calculate the highest common divisor of a and z.
4
Suppose 0 = 4*k - 4*w - 1672, k - 4*w - 365 = 59. What is the greatest common factor of 13 and k?
13
Let r be 9/(-6) - 210/(-4). Let c(k) = k**3 + 12*k**2 + 4*k - 43. Let f be c(-11). What is the greatest common divisor of f and r?
17
Let q be 12/(-24) - (-113)/2. What is the highest common factor of q and 64?
8
Let w = -2462 + 2669. What is the greatest common divisor of w and 9?
9
Suppose -x + 2*k + 1 = 5*k, -4*k = 5*x - 27. Suppose 4*n - t = 11, t = -3*n - t. What is the greatest common factor of x and n?
1
Suppose u - 36 = -4*k, 3*u + 30*k - 82 = 31*k. Let g = 42 + -21. What is the highest common factor of g and u?
7
Let d(x) = -x**2 - 16*x + 4. Let u be d(-12). Let g be -1*(-5)/(-15) + u/3. Calculate the highest common factor of g and 34.
17
Suppose 2*s + 2*s = 0. Suppose -4*k + 5*c + 6 = s, 14 = k + k + 3*c. Suppose 39 = k*n - 21. Calculate the highest common divisor of n and 5.
5
Let n(i) = -i**3 + 35*i**2 + 3*i - 94. Let h be n(33). What is the greatest common factor of 37 and h?
37
Let p = 22 - 18. Let g be p + 3*(-3 + 2). Suppose b = -5*u + 18, -3*b - 5*u + 53 = -g. What is the greatest common divisor of 45 and b?
9
Suppose -5*t + 717 = 3*n, 2*t - 2*n - 287 = -3*n. Calculate the greatest common divisor of t and 54.
18
Let d(r) = 4*r**3 - r**2 + r - 25. Let t be d(3). What is the highest common divisor of 22 and t?
11
Let l(k) = -k**3 - k**2 + 7*k + 3. Let u be l(-3). Let j be (3/(-4) - u)/(16/(-64)). Calculate the highest common divisor of 2 and j.
1
Let y(d) = d**2 + 3*d - 6. Let v be y(-6). Suppose -w + v = w. Let p(h) = -h**2 - 16*h - 49. Let i be p(-5). Calculate the highest common divisor of w and i.
6
Let r = -211 + 295. Calculate the greatest common divisor of 36 and r.
12
Suppose 47*t - 3759 = 28013. What is the highest common factor of 13 and t?
13
Let d be (76/(-76))/(1/(-368)). Calculate the greatest common divisor of d and 92.
92
Let g = -795 - -841. Calculate the highest common divisor of 46 and g.
46
Suppose -4091 - 2875 = -9*v. Let p be 12/(-30) + v/10. Calculate the highest common divisor of 7 and p.
7
Suppose -2*d - 32 = -a, 8*a - 5*d = 3*a + 135. Let k be 33*(1 + 0 + 1). Suppose k = 7*l - 4*l. Calculate the greatest common divisor of a and l.
22
Let d be (-520322)/(-268) + 3/(-2). Calculate the highest common factor of d and 20.
20
Let q = -31 + 36. Suppose -2*o - 112 = -5*p + 339, -q*p = -o - 453. What is the greatest common divisor of 26 and p?
13
Let t(g) = g**3 - 4*g**2 + 2*g + 6. Let a be t(3). Suppose 97 = a*p - 38. Calculate the greatest common factor of 18 and p.
9
Let r = 1161 - 825. What is the greatest common divisor of r and 48?
48
Let l = -2906 + 2911. What is the greatest common divisor of l and 2845?
5
Let u be (-1 + -1)/(1/(-17)). Let h = 28 - 112. Let k = h - -169. What is the greatest common divisor of u and k?
17
Let f be 0*(5 - (2 - -2)). Suppose m - 38 = -5*j, -4*j - j + 5*m + 20 = f. What is the highest common factor of 14 and j?
7
Let w = -195 - -197. Let x(f) = f**2 - 4*f + 6. Let s be x(6). Calculate the highest common divisor of s and w.
2
Let h(y) = -y**2 - 27*y - 32. Let i = 26 - 39. Let b be h(i). What is the greatest common factor of b and 30?
30
Let d = -10 - -14. Suppose d*q = q + 30. What is the highest common divisor of 80 and q?
10
Let m(g) = 4*g**2 + 5*g + 12. Let j be m(-3). Suppose h + 108 = 5*h - 4*r, j = h + r. Calculate the highest common factor of h and 30.
30
Let p = -119 + 209. Let j(v) = -3*v**2 + 31*v + 52. Let w be j(11). Calculate the greatest common divisor of p and w.
30
Let o be (8/(-6))/((-3)/54). Let t be ((-1)/(-3))/(8/o). Let a be ((-1)/3)/(t/(-48)). What is the highest common divisor of 8 and a?
8
Let n be 0 - 2 - (5 + 34). Let o = n + 121. Suppose 0 = -4*t - 5*u + 105, 0*u + 115 = 5*t + 3*u. Calculate the highest common divisor of o and t.
20
Let k be (-195)/(-3) + 1 + (-2 - 1). Let o = k - -14. Let i(d) = d**2 - d + 1. Let t be i(3). Calculate the highest common divisor of t and o.
7
Suppose -2*u = c - 197 + 2, c = 3*u - 300. Calculate the greatest common divisor of u and 18.
9
Suppose 3*p - 1540 = -2*p. Let a be (-20)/25 - p/(-10). Suppose 2*r - 3*o - 58 = 56, -4*r + 248 = 4*o. What is the highest common factor of a and r?
30
Suppose g = 4*y + 5*g + 8, 0 = -4*y - 5*g - 7. Let m be y/(3/(-2)) - -309. Let c = m - 213. Calculate the highest common divisor of 14 and c.
14
Suppose 2*z = 5*o - 1927, -10*z + 13*z - 399 = -o. Calculate the highest common factor of o and 45.
9
Let g be 4/(1 + 1) + 78. Let y be (-2)/(-16) + 2781/24. Suppose 0 = -2*a - u + 67, -u = 3*a + 17 - y. What is the greatest common divisor of a and g?
16
Suppose -4*y = 2*o - 16, 3*y - 11 = -3*o + 1. Suppose 0 = y*z + 20 + 708. Let r = z - -263. Calculate the highest common divisor of 27 and r.
27
Let l(r) = 4*r**2 + 20*r + 4. Let f be (2 + 9/(-3))*6. Let j be l(f). Calculate the greatest common divisor of 14 and j.
14
Let m(u) = -u**2 + 13*u + 60. Let n be m(16). Let i(l) = l**2 + 2*l - 3. Let v be i(-5). Calculate the highest common divisor of v and n.
12
Suppose 3*x - 4*x = -21. Let m(a) = 17*a + 3. Let v be m(6). What is the greatest common factor of x and v?
21
Let w(h) = -2*h**3 + 4*h**2 + 4*h - 6. Let c be w(2). What is the highest common factor of c and 5?
1
Let t be (-1)/6 + (-57)/(-18). Let x = 0 - -5. Suppose 51 = 2*b - x*f, -t*b = b - 3*f - 81. Calculate the highest common factor of 6 and b.
6
Let d(c) = c**3 - 17*c**2 + 17*c - 8. Let m be d(16). Suppose -p + 4*y + m = -30, -4*p - 3*y + 57 = 0. Calculate the greatest common factor of p and 198.
18
Let p = -23 - -28. Suppose 4*g + 2*i - 100 = 0, p*g - g = i + 112. What is the greatest common divisor of g and 27?
27
Suppose -3*f + 8*f - 25 = 0, 9 = c + 2*f. Let o be (-11)/(-1*(0 - c)). Let y(q) = -q + 24. Let m be y(o). What is the highest common divisor of m and 65?
13
Let h(k) = 150*k + 159. Let m be h(-1). What is the highest common divisor of 2457 and m?
9
Let d = -1317 + 2912. Calculate the greatest common divisor of 145 and d.
145
Suppose -13*c = -8*c - 20. Suppose 0*f = -4*m - c*f + 96, -5*m = f - 132. Calculate the greatest common divisor of 18 and m.
9
Suppose -7 = -3*l - 4*v + 1, 0 = -2*l + 3*v - 23. Let x = l + 8. Calculate the highest common divisor of x and 44.
4
Let w(r) = r**2 + 5*r + 5. Suppose -3*h - 4 = f + 21, -4*f = 16. Let p be w(h). Suppose p = 4*m - 13. What is the highest common divisor of 1 and m?
1
Let u(o) = 12*o - 12. Let l be u(13). Let d = -248 + 362. Suppose -5*v + 66 + d = 0. Calculate the highest common divisor of v and l.
36
Suppose -5*i + 39 = -4*m, -4*i = m + 4*m - 23. Let b be i*10*3/(-6). Let v = b + 56. What is the highest common divisor of v and 14?
7
Suppose -5*k - 35 + 330 = -5*j, 0 = 2*j - k + 115. Let w = j + 83. What is the highest common divisor of 54 and w?
27
Suppose -3*r + 7*r = -316. Let c = -41 - r. Suppose 3*d - c = -4*s, -2*d + 4*s = -d + 14. Calculate the greatest common divisor of 12 and d.
6
Let x(o) = 59*o**2 - 24*o**2 + 2*o - 15*o**2 - 19*o**2. Let w be x(4). What is the highest common factor of 32 and w?
8
Suppose 58*g - 62*g = -684. Calculate the highest common divisor of 72 and g.
9
Let r(p) = -205*p**3 - p**2. Let t be r(-1). Let c = t - 110. Calculate the highest common factor of 141 and c.
47
Let g = 76 + -57. What is the greatest common factor of 551 and g?
19
Let a(j) = 4*j**3 + 2*j**2 + 2*j - 2. Let o be a(-2). Let v be 67 + (18/o)/((-2)/10). Calculate the greatest common factor of 105 and v.
35
Suppose 10*y + 10 = 15*y. Suppose y = 2*m, a + 84 = 5*a - 4*m. What is the greatest common factor of a and 11?
11
Suppose 2*q + 2*q - 16 = 0. Let p be 4/(-28) + (2 - (-3094)/49). Suppose q*i = -i + p. Calculate the greatest common factor of 78 and i.
13
Let l be 49 + 6*(-1)/(-2). Suppose -89*y + 92*y = -111. Let z = l + y. Calculate the highest common factor of z and 120.
1